uppose 16557 = 47*w - 31101. List the prime factors of w.
2, 3, 13
Let s(i) = i - 9. Let y be s(16). Suppose -3*p + 4 = -y*p. List the prime factors of (0 - p/(-3)) + 2292/18.
127
Let a = 21747 - 2392. What are the prime factors of a?
5, 7, 79
Suppose -13*k = -33*k + 37480. Suppose 42*q + k = 44*q. List the prime factors of q.
937
Suppose 2 = 3*r - 7. Suppose -3*p = -2*u - u + 3, 3*u + r*p - 21 = 0. Suppose u*m + 96 = 3*z + 3, 5*z + 2*m - 155 = 0. What are the prime factors of z?
31
Let c be ((-34)/51)/((-6)/(-28233)*-1). Let n = c + -1660. List the prime factors of n.
7, 211
Let w = -37 - -14. Let i = 27 + w. Suppose 0 = 3*d - i*d + 74. List the prime factors of d.
2, 37
Suppose 4*y - 78 + 282 = 0. Let k = 52 - -50. Let o = k + y. List the prime factors of o.
3, 17
Let r = -46042 + 79294. What are the prime factors of r?
2, 3, 17, 163
Suppose -k - 4*l + 5*l = -546, k - 544 = -l. Let j be 1619/(-5) - 2/10. Let o = j + k. List the prime factors of o.
13, 17
Suppose -360*a + 178*a = -183*a + 28640. What are the prime factors of a?
2, 5, 179
Suppose -18*n + 141857 = -244722 + 47351. What are the prime factors of n?
2, 3, 349
Let y be (-3)/(47*(-4)/(-48) + -4). Let c = y - 31. Suppose 6*t - 2*d + 7 = c*t, 5*d - 28 = -t. List the prime factors of t.
3
Suppose -81*o + 78*o = -12. List the prime factors of o/48*8*5046/4.
29
Suppose -23*s + 7*s + 3632 = 0. Suppose g = s - 110. List the prime factors of g.
3, 13
Let l(i) be the third derivative of -11*i**4/24 + 4*i**3/3 - 21*i**2 - 32. Let s be (-47)/4 + (-1)/4. What are the prime factors of l(s)?
2, 5, 7
Let t = 17566 - -11534. List the prime factors of t.
2, 3, 5, 97
Suppose 11*q - 2016252 = 6*q - 58*q. List the prime factors of q.
2, 3, 7, 127
Suppose -177*o = -x - 173*o + 12417, 2*x - 24870 = -4*o. List the prime factors of x.
3, 1381
Let c(f) = -14182*f - 239. What are the prime factors of c(-3)?
42307
Let s(z) = -6 + 9*z + 1 - z**2 - z**2. Let f be s(4). What are the prime factors of (f - (-9)/(-12))*-20?
5, 7
List the prime factors of (-11454)/9*(-19*(-3)/(-2) + 3).
17, 23, 83
Let a = 640 + 2588. List the prime factors of a.
2, 3, 269
Suppose 2*l - 2*h = -10, -2*l + 1 = -l + 2*h. Let i(m) = -m**3 - 2*m**2 - 7. Let w be i(l). List the prime factors of w/(-8) - (-1539)/12.
2
List the prime factors of (-30264)/(-10) - 132/330.
2, 17, 89
Let g(c) be the third derivative of c**5/15 - 11*c**4/12 - 5*c**3 + 9*c**2. Let d be g(13). Suppose -3*w + d + 72 = 0. List the prime factors of w.
2, 3
List the prime factors of ((-1637168)/(-78) - 9) + (-2)/6.
2, 5, 1049
Suppose 520*k - 1660010 = 465*k. List the prime factors of k.
2, 15091
List the prime factors of 2/(-9) - (-13)/(2574/77462).
17, 23
Suppose -4*u + 90255 + 15690 = -30043. List the prime factors of u.
33997
Let w be -3 + 7/((-21)/276). Let x = 110 + w. Suppose m - 8 = x. List the prime factors of m.
23
Suppose 3*p = -z + 19, -37 = -5*p - 2*z - z. Suppose -p*w = 2*b - 2389, -4*w + b + 1919 = -0*w. What are the prime factors of w?
479
Let f(y) = y**3 + y**2 - 2*y + 2125. Let k be f(0). Suppose 0 = -16*u + k + 3267. List the prime factors of u.
337
Suppose -13 - 3 = -16*u. Let v be -5*u*(-1504)/20. Suppose 4*i - n = 3*i + 186, -v = -2*i + n. What are the prime factors of i?
2, 5, 19
Let i = 72862 - 50615. List the prime factors of i.
22247
Let c(n) = -2*n**3 + n**2 - 2*n. Let h(s) = 60*s**3 - 10*s**2 + 6*s + 20. Let p(m) = 5*c(m) + h(m). List the prime factors of p(3).
13, 101
Suppose 3*k - 4*b + b - 96 = 0, 24 = k - 5*b. Suppose k*m - 18376 = 13380. What are the prime factors of m?
2, 467
Let j(h) = -22*h - 29. Let p be 1 + 0 - (-4 + 280)/12. What are the prime factors of j(p)?
5, 7, 13
Suppose 3*b - 1266 = -48. Suppose -5*u = 3*j - b, -4*u + 378 - 37 = -3*j. Suppose -5*a - 4*t + 415 = 0, -u = 4*a - 5*a - 3*t. What are the prime factors of a?
83
Let h(v) = -24*v - 3. Let i = 44 + -40. Suppose -i*z - 10*z - 70 = 0. List the prime factors of h(z).
3, 13
Let c be (2 - 0)*(17 + -20). List the prime factors of 908 + -1 + c - 2.
29, 31
Suppose -166*n - 68*n = -12192804. List the prime factors of n.
2, 26053
Suppose 0 = -v + 1, 14*b - 11*b - 5*v - 67 = 0. Suppose 0 = b*n - 6022 - 338. What are the prime factors of n?
5, 53
Suppose -84 = -24*c + 22*c. Suppose -8*o + c = 2. Suppose -345 = 3*d - 8*d + 5*t, -3*d - o*t = -191. List the prime factors of d.
67
Let q = 85 - 132. Let z = 282 - q. List the prime factors of z.
7, 47
Let p(o) = o**2 - 4*o - 46. Let b(t) = t + 1. Let k(m) = -2*b(m) - p(m). Let v be k(0). Suppose 0 = -y + d + v, -7*d + 4*d = 6. List the prime factors of y.
2, 3, 7
Let p(k) = -325*k + 2268. List the prime factors of p(-35).
7, 1949
Suppose 5211*w = 5197*w + 315756. List the prime factors of w.
2, 3, 7, 179
Let o = -316 - -531. Suppose 0 = 3*k - o - 109. What are the prime factors of (k/21 - 0)/((-14)/(-147))?
2, 3
Let b(j) = -6*j**2 + 9*j + 14. Let o be b(-6). Let x = 141 - o. What are the prime factors of x?
397
Let a(c) = c**3 - 127*c**2 - 438*c - 361. List the prime factors of a(132).
103, 281
Let x(g) = 47*g**2 - 9*g + 42. Suppose 15*y = 24 + 51. What are the prime factors of x(y)?
2, 293
Suppose -5*n + 316 = l - 4*l, 5*n - 314 = 2*l. Let t = -44 + n. List the prime factors of (-2 + t/(-5))*(-5)/1.
2, 7
Suppose -333*d + 1535414 + 4616767 + 47946 = 0. What are the prime factors of d?
43, 433
Let l(x) be the first derivative of 275*x**4/2 - 4*x**3/3 + 4*x**2 - 4*x + 132. List the prime factors of l(1).
2, 5, 11
Suppose 2575 = 2*s - 5*w, -3137 = -3*s - 2*w + 735. Let v = s - 820. What are the prime factors of v?
2, 5, 47
Let i(x) = -2*x**2 - 2. Let t be i(1). Let f be t/(-14) + (-847)/49. Let a(g) = -g**2 - 17*g + 38. What are the prime factors of a(f)?
2, 19
Suppose 12*o - 8 = 14*o, -t + o = -1234. Let m = t - 39. List the prime factors of m.
3, 397
Let m = 59 - 58. Suppose -9 - m = -2*n + o, n + o = 11. Let c(v) = 16*v - 34. What are the prime factors of c(n)?
2, 3, 13
Let n(u) = 5*u**2 + 487*u - 249. What are the prime factors of n(-148)?
5, 43, 173
Suppose n = -n + 254. Suppose v + 2*v = -b - n, 2*b = -v - 259. Let k = -78 - b. List the prime factors of k.
2, 13
Let f be 4*5/20*46. Let y be (-2 + -38)/((-2)/f). Suppose 8*j - y = 4*j + 4*d, 1153 = 5*j - 2*d. List the prime factors of j.
3, 7, 11
Let l be -406*(76/665 + (-2)/5). List the prime factors of ((-145)/l)/((-3)/1452).
5, 11
Let j be (0 + (-14 - -9))/(-6 - -1). Let r = j + 424. What are the prime factors of r?
5, 17
Let f be 0 - (-616)/(-12) - (-1)/3. Let a = -47 - 181. Let u = f - a. List the prime factors of u.
3, 59
What are the prime factors of (-6762)/(-1) + (3/6 - (-2)/4)?
6763
Let u be ((-5)/(20/(-24)))/((-3)/4). Let c be (163/4)/(u/(-32)). Suppose -c = -6*j + 293. List the prime factors of j.
2, 19
Let u be 0 + (1/1)/(2/4). Suppose -8 - 4 = -3*l, 1940 = u*q - 4*l. Suppose 2577 = 13*g + q. List the prime factors of g.
3, 41
Let u(k) = 2*k**3 + 71*k**2 + 58*k + 51. What are the prime factors of u(-34)?
7, 13, 17
Let v be (-19)/(1/1)*-11. Let u = 639 - v. List the prime factors of u.
2, 5, 43
Suppose 0 = 50*p - 55*p - 5*d + 1135, -p - 4*d + 233 = 0. List the prime factors of p.
3, 5
Let u = 52 + -46. Let g(s) = s**3 - s**2 + 4*s + 19. Let a(b) = b**3 - 2*b**2 + 3*b + 18. Let x(i) = u*a(i) - 5*g(i). What are the prime factors of x(8)?
61
Suppose 2*x - 2 = 0, -6*x + 3*x = -4*i - 1111. Let j = i - -455. Let p = -93 + j. List the prime factors of p.
5, 17
Let t(y) = -y**2 - 10*y + 2. Let k = 19 - 29. Let b be t(k). What are the prime factors of (14 - -7) + (-4)/b?
19
Let z = 2108 - 1381. List the prime factors of z.
727
Let u = 149731 - 74568. List the prime factors of u.
11, 6833
Let j be (2 + 7 - -69)*(28 + -1). Let g = j - 1485. What are the prime factors of g?
3, 23
Suppose 32*r - 234012 = 239524 - 164864. What are the prime factors of r?
2, 7, 13, 53
Let j(h) = 23*h**2 - 55*h - 930. What are the prime factors of j(-36)?
2, 3, 37, 139
Suppose -2*w = -4*w - 4*i + 66, 25 = 5*i. Let t = 0 + w. Suppose 0 = t*b - 20*b - 279. What are the prime factors of b?
3, 31
Let f = -12 + 12. Suppose 0 = -f*o + o. Suppose o = t + 25 - 107. List the prime factors of t.
2, 41
Let n = 16398 - 9953. List the prime factors of n.
5, 1289
What are the prime factors of (-93231)/(-3) - (19 +